4043133 - 23?
-2314043200
In base 16, what is 1b - df5d?
-df42
In base 8, what is -3 - -46531747?
46531744
In base 15, what is -eb499 + a?
-eb48e
In base 14, what is -345c51 - 2?
-345c53
In base 6, what is 4032 + -15134?
-11102
In base 9, what is -10882030 + -6?
-10882036
In base 8, what is -7 + -55500633?
-55500642
In base 12, what is -37a1b80 + 10?
-37a1b70
In base 15, what is 10 - -62d97a4?
62d97b4
In base 6, what is 10243122 - 13202?
10225520
In base 3, what is 12002 - 11111102102122?
-11111102020120
In base 12, what is 7401 + -452?
6b6b
In base 8, what is 63265 - 524?
62541
In base 10, what is -9676051 - -2?
-9676049
In base 13, what is 4438 - 185b8?
-14180
In base 5, what is -31342200400 + 1?
-31342200344
In base 15, what is 178a + -49d9?
-324e
In base 15, what is 8b353c - 5?
8b3537
In base 13, what is -5641cc5 - 3?
-5641cc8
In base 2, what is -10 - 1111110110100100111101?
-1111110110100100111111
In base 6, what is 135141244230 - 3?
135141244223
In base 11, what is -8 + 576395?
576388
In base 13, what is -1 + -2bac799b?
-2bac799c
In base 3, what is -1211 + -111000100221?
-111000102202
In base 15, what is ec23c - 65?
ec1c7
In base 7, what is -10501445 - 3?
-10501451
In base 9, what is -25 - 17448608?
-17448634
In base 6, what is 100255053 - -12?
100255105
In base 16, what is 0 + -176e924?
-176e924
In base 7, what is 15 + -34452420?
-34452402
In base 11, what is -2006a154 - -4?
-2006a150
In base 6, what is -2442330115 - 3?
-2442330122
In base 12, what is 2ba94 + -15?
2ba7b
In base 3, what is -121221111202020 + 1220?
-121221111200100
In base 6, what is 430 - 2145?
-1315
In base 3, what is 11100 + -22110212021020?
-22110212002220
In base 15, what is -59b4275 - -2?
-59b4273
In base 4, what is -12110 - 332113120?
-332131230
In base 8, what is -115450 - 47?
-115517
In base 13, what is 33 - -286c1aa?
286c210
In base 2, what is 1001111101101 + 11011010?
1010011000111
In base 6, what is 321005445 + 0?
321005445
In base 6, what is 43323 + -12321?
31002
In base 4, what is -100332300222 + 3?
-100332300213
In base 9, what is 21787641 - 0?
21787641
In base 6, what is -4513 + -250113?
-255030
In base 8, what is -7353206 + -1?
-7353207
In base 10, what is -89970 - -196?
-89774
In base 2, what is 1 + 11000000011100110001010000100?
11000000011100110001010000101
In base 16, what is -14 + -7f4fe3?
-7f4ff7
In base 7, what is -21534 - -2152?
-16352
In base 12, what is 475 - 2b8b?
-2716
In base 15, what is -3613 - -420?
-31e3
In base 11, what is 37 - -343a0a0?
343a127
In base 7, what is -4241 + -12413?
-16654
In base 11, what is -25932 - -55?
-25888
In base 16, what is 3 + -12c97e?
-12c97b
In base 10, what is 35 - 3125349?
-3125314
In base 16, what is -13f7 - 2da1?
-4198
In base 11, what is 869995 + -3?
869992
In base 12, what is -63521 + -24?
-63545
In base 4, what is -3300313031 - 122?
-3300313213
In base 10, what is -12611 - 19159?
-31770
In base 15, what is 5e - dea22?
-de9b3
In base 12, what is -1a60582 - 1?
-1a60583
In base 14, what is -1cb8 - 16d65?
-18c3d
In base 14, what is -5dd + 8bc5?
85c6
In base 10, what is -11722 - -1493?
-10229
In base 10, what is -6973 + -1506?
-8479
In base 3, what is -112002002200 + -121012?
-112002200212
In base 15, what is -70 + a8557?
a84d7
In base 12, what is -18a0597 - -a?
-18a0589
In base 5, what is -4 + -422020443?
-422021002
In base 11, what is -4640 + -277?
-4907
In base 3, what is 202202201 + -101220?
202100211
In base 16, what is -e - -934c4?
934b6
In base 2, what is 11000101010100011 - -101100010110?
11001010110111001
In base 14, what is -4570 - 3dd?
-496d
In base 16, what is cac303 + 38?
cac33b
In base 12, what is -5aa + -28988?
-29376
In base 13, what is 136b20 - -13c?
136c5c
In base 10, what is -3 - -1216496?
1216493
In base 2, what is -1100100110001111011001100011 + 110?
-1100100110001111011001011101
In base 8, what is 36271 + -5144?
31125
In base 4, what is -1230332120 - 30?
-1230332210
In base 10, what is 71951 + 23?
71974
In base 8, what is -1754 - 17253?
-21227
In base 6, what is -12 + 410302153?
410302141
In base 5, what is -10310241 + -121124?
-10431420
In base 8, what is -24 - -1074461?
1074435
In base 7, what is -4 - 45162204?
-45162211
In base 4, what is -1231131023 - -211?
-1231130212
In base 2, what is 1100011011011011100 - -11010?
1100011011011110110
In base 12, what is 78 + -562892?
-562816
In base 4, what is -10013 + 3320310112?
3320300033
In base 15, what is 563 - -ea1?
1514
In base 10, what is -5 - -840861?
840856
In base 15, what is -18a4 - -293?
-1611
In base 8, what is -726717 + 1603?
-725114
In base 10, what is 111676 - 118?
111558
In base 9, what is 15314 + 14438?
30753
In base 2, what is -1100100 - -100000011000010?
100000001011110
In base 6, what is -2450 - -353110?
350220
In base 3, what is -11102021212 + -2221000?
-11112012212
In base 2, what is -1000010001011111010 + -11110100?
-1000010001111101110
In base 11, what is -1 + -1051375?
-1051376
In base 5, what is 10314 + -134243302?
-134232433
In base 6, what is -3 - -2033555013?
2033555010
In base 6, what is 2 + -1500154301?
-1500154255
In base 11, what is -18492642 + -4?
-18492646
In base 4, what is -1122000 + -333031?
-2121031
In base 7, what is -5 - -2335250531?
2335250523
In base 11, what is 7988523 + 15?
7988538
In base 9, what is 5 + -85340364?
-85340358
In base 7, what is -45662110 + -14?
-45662124
In base 14, what is -6 + -4d31546?
-4d3154c
In base 15, what is 19a3 - 71?
1932
In base 9, what is -228481507 - 2?
-228481510
In base 5, what is -34044220 - -21443?
-34022222
In base 2, what is 10 + -10100001011100111110110?
-10100001011100111110100
In base 10, what is -3038 - 39594?
-42632
In base 12, what is -aa3b55a - 15?
-aa3b573
In base 12, what is 2161b5 - b?
2161a6
In base 3, what is 22000020122 + 102211?
22000200110
In base 6, what is -33 + 1503442330?
1503442253
In base 15, what is -358a - b3a?
-41c5
In base 13, what is 221 + -2b97?
-2976
In base 4, what is -211022001010 - -2?
-211022001002
In base 3, what is 201110101 + 210?
201111011
In base 6, what is -1251 + 5252115?
5250424
In base 11, what is -24aa313 - 1?
-24aa314
In base 9, what is 78 + -1282833?
-1282744
In base 6, what is -21 - 1345340?
-1345401
In base 6, what is 231023 - 553?
230030
In base 9, what is 30604 - -6008?
36613
In base 15, what is -332aeb5 - -3?
-332aeb2
In base 2, what is 110110 - 11101000101101001101100?
-11101000101101000110110
In base 13, what is -13290 - 2450?
-15710
In base 4, what is 123 - -20033122?
20033311
In base 5, what is -2 - 43210331021?
-43210331023
In base 9, what is 4052564 + 2?
4052566
In base 16, what is -3 + -57ac310?
-57ac313
In base 2, what is -100000110011110000 - 100100?
-100000110100010100
In base 9, what is -52106710 + -2?
-52106712
In base 10, what is -106361481 - 0?
-106361481
In base 5, what is 24 - -2141201242?
2141201321
In base 6, what is -2 - 454431515?
-454431521
In base 2, what is 10 - -10010000011110000110110011?
10010000011110000110110101
In base 4, what is 313213330 + 3?
313213333
In base 6, what is -2042400445 + 1?
-2042400444
In base 16, what is 4bb6de5 + -2?
4bb6de3
In base 9, what is 0 - -2036833?
2036833
In base 13, what is 15a + -48538?
-483ab
In base 6, what is 3245222 + -452?
3244330
In base 10, what is 27770641 + 5?
27770646
In base 8, what is 26564 - -267?
27053
In base 9, what is 320 + 164370?
164700
In base 8, what is 5 - -6346572?
6346577
In base 16, what is 3 - -232f67?
232f6a
In base 15, what is e684ce - 2?
e684cc
In base 15, what is -3046 - 3c5?
-341b
In base 13, what is -24bc5 + -183?
-25078
In base 2, what is -11001111011111001011 - 101101?
-11001111011111111000
In base 13, what is 3a + 104a096?
104a103
In base 4, what is 221002212 + -122312?
220213300
In base 5, what is -1 - -112433102?
112433101
In base 10, what is 4840471 - 0?
4840471
In base 8, what is -53 + -334410?
-334463
In base 15, what is -8d72 - -698?
-86c9
In base 5, what is -120404030 - 1201?
-120410231
In base 4, what is 121330111 + -111202?
121212303
In base 5, what is 244 - 401003032?
-401002233
In base 16, what is 1e - -5914b?
59169
In base 3, what is 21112002202 - -1121?
21112011100
In base 13, what is 242 - -9a40?
9c82
In base 9, what is 205 + 2140847?
2141153
In base 7, what is -634126 + -20?
-634146
In base 3, what is 21121